{"id":2883,"date":"2026-03-04T02:51:23","date_gmt":"2026-03-04T02:51:23","guid":{"rendered":"https:\/\/bahia-appliance.com\/?post_type=product&#038;p=2883"},"modified":"2026-03-04T02:51:23","modified_gmt":"2026-03-04T02:51:23","slug":"machine-a-cafe-amb-027cm-2-en-1","status":"publish","type":"product","link":"https:\/\/bahia-appliance.com\/?product=machine-a-cafe-amb-027cm-2-en-1","title":{"rendered":"machine a cafe amb-027CM 2 en 1"},"content":{"rendered":"<table class=\" alignleft\" dir=\"ltr\" style=\"height: 405px;\" width=\"715\">\n<tbody>\n<tr>\n<td dir=\"ltr\"><strong>Type<\/strong><\/td>\n<td dir=\"ltr\">Poudre + capsule<\/td>\n<\/tr>\n<tr dir=\"ltr\">\n<td><strong>Puissance<\/strong><\/td>\n<td>1350 W<\/td>\n<\/tr>\n<tr dir=\"ltr\">\n<td><strong>Pompe<\/strong><\/td>\n<td>JIAYIN, 20 bars<\/td>\n<\/tr>\n<tr dir=\"ltr\">\n<td><strong>Couleur<\/strong><\/td>\n<td>Inox + couvercle noir +<br \/>\nr\u00e9servoir AS<\/td>\n<\/tr>\n<tr dir=\"ltr\">\n<td><strong>Affichage<\/strong><\/td>\n<td>\u00c9cran tactile couleur<\/td>\n<\/tr>\n<tr dir=\"ltr\">\n<td><strong>Type de commande<\/strong><\/td>\n<td>Tactile<\/td>\n<\/tr>\n<tr dir=\"ltr\">\n<td><strong>Chauffage<\/strong><\/td>\n<td>Syst\u00e8me Thermoblock<\/td>\n<\/tr>\n<tr dir=\"ltr\">\n<td><strong>Capacit\u00e9<\/strong><\/td>\n<td>R\u00e9servoir eau 1,2 L + r\u00e9servoir<br \/>\nlait 900 ml<\/td>\n<\/tr>\n<tr dir=\"ltr\">\n<td><strong>Accessoires inclus<\/strong><\/td>\n<td>2 bras<br data-start=\"54\" data-end=\"57\" \/>Bras pour caf\u00e9 moulu + 2 filtres (1 tasse + 2 tasses)<br data-start=\"116\" data-end=\"119\" data-is-only-node=\"\" \/>\u00a0Bras pour capsules<br data-start=\"143\" data-end=\"146\" \/>\u00a0Cuill\u00e8re doseuse<\/td>\n<\/tr>\n<\/tbody>\n<\/table>\n","protected":false},"excerpt":{"rendered":"<p>Type Poudre + capsule Puissance 1350 W Pompe JIAYIN, 20 bars Couleur Inox + couvercle noir + r\u00e9servoir AS Affichage \u00c9cran tactile couleur Type de commande Tactile Chauffage Syst\u00e8me Thermoblock Capacit\u00e9 R\u00e9servoir eau 1,2 L + r\u00e9servoir lait 900 ml Accessoires inclus 2 brasBras pour caf\u00e9 moulu + 2 filtres (1 tasse + 2 tasses)\u00a0Bras [&hellip;]<\/p>\n","protected":false},"featured_media":2884,"comment_status":"open","ping_status":"closed","template":"","meta":[],"product_brand":[],"product_cat":[85],"product_tag":[],"class_list":{"0":"post-2883","1":"product","2":"type-product","3":"status-publish","4":"has-post-thumbnail","6":"product_cat-machine-a-cafe","8":"first","9":"instock","10":"shipping-taxable","11":"purchasable","12":"product-type-simple"},"_links":{"self":[{"href":"https:\/\/bahia-appliance.com\/index.php?rest_route=\/wp\/v2\/product\/2883","targetHints":{"allow":["GET"]}}],"collection":[{"href":"https:\/\/bahia-appliance.com\/index.php?rest_route=\/wp\/v2\/product"}],"about":[{"href":"https:\/\/bahia-appliance.com\/index.php?rest_route=\/wp\/v2\/types\/product"}],"replies":[{"embeddable":true,"href":"https:\/\/bahia-appliance.com\/index.php?rest_route=%2Fwp%2Fv2%2Fcomments&post=2883"}],"wp:featuredmedia":[{"embeddable":true,"href":"https:\/\/bahia-appliance.com\/index.php?rest_route=\/wp\/v2\/media\/2884"}],"wp:attachment":[{"href":"https:\/\/bahia-appliance.com\/index.php?rest_route=%2Fwp%2Fv2%2Fmedia&parent=2883"}],"wp:term":[{"taxonomy":"product_brand","embeddable":true,"href":"https:\/\/bahia-appliance.com\/index.php?rest_route=%2Fwp%2Fv2%2Fproduct_brand&post=2883"},{"taxonomy":"product_cat","embeddable":true,"href":"https:\/\/bahia-appliance.com\/index.php?rest_route=%2Fwp%2Fv2%2Fproduct_cat&post=2883"},{"taxonomy":"product_tag","embeddable":true,"href":"https:\/\/bahia-appliance.com\/index.php?rest_route=%2Fwp%2Fv2%2Fproduct_tag&post=2883"}],"curies":[{"name":"wp","href":"https:\/\/api.w.org\/{rel}","templated":true}]}}