{"id":2909,"date":"2026-03-04T03:18:35","date_gmt":"2026-03-04T03:18:35","guid":{"rendered":"https:\/\/bahia-appliance.com\/?post_type=product&#038;p=2909"},"modified":"2026-03-04T03:20:47","modified_gmt":"2026-03-04T03:20:47","slug":"batteur-schallenge-amb-hm1408c","status":"publish","type":"product","link":"https:\/\/bahia-appliance.com\/?product=batteur-schallenge-amb-hm1408c","title":{"rendered":"BATTEUR AMB-HM1408C"},"content":{"rendered":"<table dir=\"ltr\" style=\"height: 302px;\" width=\"970\">\n<thead>\n<tr>\n<th><strong>Sp\u00e9cification<\/strong><\/th>\n<th><strong>Valeur \/ Qualit\u00e9<\/strong><\/th>\n<\/tr>\n<\/thead>\n<tbody>\n<tr>\n<td>Puissance<\/td>\n<td>450W<\/td>\n<\/tr>\n<tr>\n<td>Commande<\/td>\n<td>5 vitesses + fonction Turbo (niveau 1 \u00e0 d\u00e9marrage doux \u2013 env. 550 tr\/min)<\/td>\n<\/tr>\n<tr>\n<td>Accessoires<\/td>\n<td>Fouets et crochets en acier inoxydable (SUS202)<\/td>\n<\/tr>\n<tr>\n<td>Corps<\/td>\n<td>Plastique avec d\u00e9coration en acier inoxydable (SS) sur la poign\u00e9e et la fa\u00e7ade<\/td>\n<\/tr>\n<tr>\n<td>Design<\/td>\n<td>Boutons et interrupteur chrom\u00e9s<\/td>\n<\/tr>\n<tr>\n<td>Tension<\/td>\n<td>220\u2013240V~ \/ 50Hz<\/td>\n<\/tr>\n<\/tbody>\n<\/table>\n","protected":false},"excerpt":{"rendered":"<p>Sp\u00e9cification Valeur \/ Qualit\u00e9 Puissance 450W Commande 5 vitesses + fonction Turbo (niveau 1 \u00e0 d\u00e9marrage doux \u2013 env. 550 tr\/min) Accessoires Fouets et crochets en acier inoxydable (SUS202) Corps Plastique avec d\u00e9coration en acier inoxydable (SS) sur la poign\u00e9e et la fa\u00e7ade Design Boutons et interrupteur chrom\u00e9s Tension 220\u2013240V~ \/ 50Hz<\/p>\n","protected":false},"featured_media":2901,"comment_status":"open","ping_status":"closed","template":"","meta":[],"product_brand":[],"product_cat":[88],"product_tag":[],"class_list":{"0":"post-2909","1":"product","2":"type-product","3":"status-publish","4":"has-post-thumbnail","6":"product_cat-bateur","8":"first","9":"instock","10":"shipping-taxable","11":"purchasable","12":"product-type-simple"},"_links":{"self":[{"href":"https:\/\/bahia-appliance.com\/index.php?rest_route=\/wp\/v2\/product\/2909","targetHints":{"allow":["GET"]}}],"collection":[{"href":"https:\/\/bahia-appliance.com\/index.php?rest_route=\/wp\/v2\/product"}],"about":[{"href":"https:\/\/bahia-appliance.com\/index.php?rest_route=\/wp\/v2\/types\/product"}],"replies":[{"embeddable":true,"href":"https:\/\/bahia-appliance.com\/index.php?rest_route=%2Fwp%2Fv2%2Fcomments&post=2909"}],"wp:featuredmedia":[{"embeddable":true,"href":"https:\/\/bahia-appliance.com\/index.php?rest_route=\/wp\/v2\/media\/2901"}],"wp:attachment":[{"href":"https:\/\/bahia-appliance.com\/index.php?rest_route=%2Fwp%2Fv2%2Fmedia&parent=2909"}],"wp:term":[{"taxonomy":"product_brand","embeddable":true,"href":"https:\/\/bahia-appliance.com\/index.php?rest_route=%2Fwp%2Fv2%2Fproduct_brand&post=2909"},{"taxonomy":"product_cat","embeddable":true,"href":"https:\/\/bahia-appliance.com\/index.php?rest_route=%2Fwp%2Fv2%2Fproduct_cat&post=2909"},{"taxonomy":"product_tag","embeddable":true,"href":"https:\/\/bahia-appliance.com\/index.php?rest_route=%2Fwp%2Fv2%2Fproduct_tag&post=2909"}],"curies":[{"name":"wp","href":"https:\/\/api.w.org\/{rel}","templated":true}]}}