{"id":2931,"date":"2026-03-04T16:59:41","date_gmt":"2026-03-04T16:59:41","guid":{"rendered":"https:\/\/bahia-appliance.com\/?post_type=product&#038;p=2931"},"modified":"2026-03-04T16:59:41","modified_gmt":"2026-03-04T16:59:41","slug":"bras-mixeur-amb-hb-5405","status":"publish","type":"product","link":"https:\/\/bahia-appliance.com\/?product=bras-mixeur-amb-hb-5405","title":{"rendered":"Bras mixeur AMB-HB 5405"},"content":{"rendered":"<table dir=\"ltr\" style=\"height: 310px;\" width=\"970\">\n<thead>\n<tr>\n<th><strong>Caract\u00e9ristiques<\/strong><\/th>\n<th><strong>D\u00e9tails<\/strong><\/th>\n<\/tr>\n<\/thead>\n<tbody>\n<tr>\n<td><strong>Puissance<\/strong><\/td>\n<td>600 W<\/td>\n<\/tr>\n<tr>\n<td><strong>Vitesses<\/strong><\/td>\n<td>10 vitesses + Turbo<\/td>\n<\/tr>\n<tr>\n<td><strong>Commande<\/strong><\/td>\n<td>Bouton marche\/arr\u00eat + Turbo (Pulse) + variateur de vitesse rotatif<\/td>\n<\/tr>\n<tr>\n<td><strong>Lame<\/strong><\/td>\n<td>Acier inoxydable<\/td>\n<\/tr>\n<tr>\n<td><strong>M\u00e9langeur<\/strong><\/td>\n<td>Amovible, en inox<\/td>\n<\/tr>\n<tr>\n<td><strong>Accessoires<\/strong><\/td>\n<td>Hachoir, fouet, b\u00e2tonnet \u00e0 milk-shake<\/td>\n<\/tr>\n<tr>\n<td><strong>Corps<\/strong><\/td>\n<td>Plastique et inox<\/td>\n<\/tr>\n<tr>\n<td><strong>Moteur<\/strong><\/td>\n<td>Courant continu<\/td>\n<\/tr>\n<tr>\n<td><strong>Alimentation<\/strong><\/td>\n<td>220\u2013240V ~ 50\/60Hz<\/td>\n<\/tr>\n<\/tbody>\n<\/table>\n","protected":false},"excerpt":{"rendered":"<p>Caract\u00e9ristiques D\u00e9tails Puissance 600 W Vitesses 10 vitesses + Turbo Commande Bouton marche\/arr\u00eat + Turbo (Pulse) + variateur de vitesse rotatif Lame Acier inoxydable M\u00e9langeur Amovible, en inox Accessoires Hachoir, fouet, b\u00e2tonnet \u00e0 milk-shake Corps Plastique et inox Moteur Courant continu Alimentation 220\u2013240V ~ 50\/60Hz<\/p>\n","protected":false},"featured_media":2930,"comment_status":"open","ping_status":"closed","template":"","meta":[],"product_brand":[],"product_cat":[89],"product_tag":[],"class_list":{"0":"post-2931","1":"product","2":"type-product","3":"status-publish","4":"has-post-thumbnail","6":"product_cat-mixeur","8":"first","9":"instock","10":"shipping-taxable","11":"purchasable","12":"product-type-simple"},"_links":{"self":[{"href":"https:\/\/bahia-appliance.com\/index.php?rest_route=\/wp\/v2\/product\/2931","targetHints":{"allow":["GET"]}}],"collection":[{"href":"https:\/\/bahia-appliance.com\/index.php?rest_route=\/wp\/v2\/product"}],"about":[{"href":"https:\/\/bahia-appliance.com\/index.php?rest_route=\/wp\/v2\/types\/product"}],"replies":[{"embeddable":true,"href":"https:\/\/bahia-appliance.com\/index.php?rest_route=%2Fwp%2Fv2%2Fcomments&post=2931"}],"wp:featuredmedia":[{"embeddable":true,"href":"https:\/\/bahia-appliance.com\/index.php?rest_route=\/wp\/v2\/media\/2930"}],"wp:attachment":[{"href":"https:\/\/bahia-appliance.com\/index.php?rest_route=%2Fwp%2Fv2%2Fmedia&parent=2931"}],"wp:term":[{"taxonomy":"product_brand","embeddable":true,"href":"https:\/\/bahia-appliance.com\/index.php?rest_route=%2Fwp%2Fv2%2Fproduct_brand&post=2931"},{"taxonomy":"product_cat","embeddable":true,"href":"https:\/\/bahia-appliance.com\/index.php?rest_route=%2Fwp%2Fv2%2Fproduct_cat&post=2931"},{"taxonomy":"product_tag","embeddable":true,"href":"https:\/\/bahia-appliance.com\/index.php?rest_route=%2Fwp%2Fv2%2Fproduct_tag&post=2931"}],"curies":[{"name":"wp","href":"https:\/\/api.w.org\/{rel}","templated":true}]}}