{"id":2978,"date":"2026-03-16T03:05:42","date_gmt":"2026-03-16T03:05:42","guid":{"rendered":"https:\/\/bahia-appliance.com\/?post_type=product&#038;p=2978"},"modified":"2026-03-16T03:05:42","modified_gmt":"2026-03-16T03:05:42","slug":"petrin-amb-1522yl","status":"publish","type":"product","link":"https:\/\/bahia-appliance.com\/?product=petrin-amb-1522yl","title":{"rendered":"P\u00e9trin AMB-1522YL"},"content":{"rendered":"<table dir=\"ltr\" style=\"height: 359px;\" width=\"973\">\n<thead>\n<tr>\n<th><strong>Sp\u00e9cifications<\/strong><\/th>\n<th>D\u00e9tail<\/th>\n<\/tr>\n<\/thead>\n<tbody>\n<tr>\n<td><strong>Puissance<\/strong><\/td>\n<td>1800W<\/td>\n<\/tr>\n<tr>\n<td><strong>Capacit\u00e9 du bol<\/strong><\/td>\n<td>7L<\/td>\n<\/tr>\n<tr>\n<td><strong>Mat\u00e9riau du bol<\/strong><\/td>\n<td>Acier inoxydable<\/td>\n<\/tr>\n<tr>\n<td><strong>Mat\u00e9riau du bo\u00eetier<\/strong><\/td>\n<td>Aluminium moul\u00e9 sous pression<\/td>\n<\/tr>\n<tr>\n<td><strong>Affichage<\/strong><\/td>\n<td>\u00c9cran LED pour le contr\u00f4le du temps et de la vitesse<\/td>\n<\/tr>\n<tr>\n<td><strong>M\u00e9canisme de transmission<\/strong><\/td>\n<td>Bo\u00eete de vitesses enti\u00e8rement m\u00e9tallique avec structure \u00e0 vis sans fin<\/td>\n<\/tr>\n<tr>\n<td><strong>Type de mouvement<\/strong><\/td>\n<td>Action de m\u00e9lange plan\u00e9taire<\/td>\n<\/tr>\n<tr>\n<td><strong>Conception<\/strong><\/td>\n<td>T\u00eate inclinable pour une utilisation facile<\/td>\n<\/tr>\n<tr>\n<td><strong>Accessoires inclus<\/strong><\/td>\n<td>\u2013 Crochet \u00e0 p\u00e2te double moul\u00e9 sous pression- Batteur moul\u00e9<br \/>\nsous pression-Fouet en acier inoxydable- Couvercle de<br \/>\nbol transparent avec ouverture de remplissage<\/td>\n<\/tr>\n<\/tbody>\n<\/table>\n","protected":false},"excerpt":{"rendered":"<p>Sp\u00e9cifications D\u00e9tail Puissance 1800W Capacit\u00e9 du bol 7L Mat\u00e9riau du bol Acier inoxydable Mat\u00e9riau du bo\u00eetier Aluminium moul\u00e9 sous pression Affichage \u00c9cran LED pour le contr\u00f4le du temps et de la vitesse M\u00e9canisme de transmission Bo\u00eete de vitesses enti\u00e8rement m\u00e9tallique avec structure \u00e0 vis sans fin Type de mouvement Action de m\u00e9lange plan\u00e9taire Conception T\u00eate [&hellip;]<\/p>\n","protected":false},"featured_media":2982,"comment_status":"open","ping_status":"closed","template":"","meta":[],"product_brand":[],"product_cat":[92],"product_tag":[],"class_list":{"0":"post-2978","1":"product","2":"type-product","3":"status-publish","4":"has-post-thumbnail","6":"product_cat-petrin","8":"first","9":"instock","10":"shipping-taxable","11":"purchasable","12":"product-type-simple"},"_links":{"self":[{"href":"https:\/\/bahia-appliance.com\/index.php?rest_route=\/wp\/v2\/product\/2978","targetHints":{"allow":["GET"]}}],"collection":[{"href":"https:\/\/bahia-appliance.com\/index.php?rest_route=\/wp\/v2\/product"}],"about":[{"href":"https:\/\/bahia-appliance.com\/index.php?rest_route=\/wp\/v2\/types\/product"}],"replies":[{"embeddable":true,"href":"https:\/\/bahia-appliance.com\/index.php?rest_route=%2Fwp%2Fv2%2Fcomments&post=2978"}],"wp:featuredmedia":[{"embeddable":true,"href":"https:\/\/bahia-appliance.com\/index.php?rest_route=\/wp\/v2\/media\/2982"}],"wp:attachment":[{"href":"https:\/\/bahia-appliance.com\/index.php?rest_route=%2Fwp%2Fv2%2Fmedia&parent=2978"}],"wp:term":[{"taxonomy":"product_brand","embeddable":true,"href":"https:\/\/bahia-appliance.com\/index.php?rest_route=%2Fwp%2Fv2%2Fproduct_brand&post=2978"},{"taxonomy":"product_cat","embeddable":true,"href":"https:\/\/bahia-appliance.com\/index.php?rest_route=%2Fwp%2Fv2%2Fproduct_cat&post=2978"},{"taxonomy":"product_tag","embeddable":true,"href":"https:\/\/bahia-appliance.com\/index.php?rest_route=%2Fwp%2Fv2%2Fproduct_tag&post=2978"}],"curies":[{"name":"wp","href":"https:\/\/api.w.org\/{rel}","templated":true}]}}