{"id":3013,"date":"2026-04-05T13:01:33","date_gmt":"2026-04-05T13:01:33","guid":{"rendered":"https:\/\/bahia-appliance.com\/?post_type=product&#038;p=3013"},"modified":"2026-04-05T13:01:33","modified_gmt":"2026-04-05T13:01:33","slug":"plaque-chauffante-midea-mg60sj401mn2b","status":"publish","type":"product","link":"https:\/\/bahia-appliance.com\/?product=plaque-chauffante-midea-mg60sj401mn2b","title":{"rendered":"PLAQUE CHAUFFANTE Midea MG60SJ401MN2B"},"content":{"rendered":"<table class=\"table table_1569 table-bordered table-striped fiche-technique \" dir=\"ltr\" style=\"height: 557px;\" width=\"960\">\n<tbody>\n<tr class=\"row_797\">\n<td class=\"libelle item_header col-3\">Marque<\/td>\n<td class=\"champs item1 field_29 \"><a href=\"https:\/\/webstar-electro.com\/tables-de-cuisson\/?page=prix-tables-de-cuisson-midea-algerie&amp;id_marque=22643&amp;position=3&amp;id_famille=22044\">Tables de Cuisson Midea<\/a><\/td>\n<\/tr>\n<tr class=\"row_1240\">\n<td class=\"libelle item_header\">Tables de Cuisson<\/td>\n<td class=\"champs item1 field_1240 \"><a href=\"https:\/\/webstar-electro.com\/tables-de-cuisson\/?produit=achat-vente-tables-de-cuisson-midea-mg60sj401mn2b-algerie&amp;item=19453969&amp;id_famille=22044&amp;id_fiche=0\">Midea MG60SJ401MN2B<\/a><\/td>\n<\/tr>\n<tr class=\"row_1266\">\n<td class=\"libelle item_header\">Reference<\/td>\n<td class=\"champs item1 field_1266 \">MG60SJ401MN2B<\/td>\n<\/tr>\n<tr class=\"row_807\">\n<td class=\"libelle item_header\">Type<\/td>\n<td class=\"champs item1 field_1251 \"><a href=\"https:\/\/webstar-electro.com\/tables-de-cuisson\/?page=prix-tables-de-cuisson-type-gaz-algerie&amp;dep1=807&amp;val1=22037&amp;position=20&amp;id_famille=22044\">Gaz<\/a><\/td>\n<\/tr>\n<tr class=\"row_2344\">\n<td class=\"libelle item_header\">Couleur<\/td>\n<td class=\"champs item1 field_2344 \">Argent<\/td>\n<\/tr>\n<tr class=\"row_2345\">\n<td class=\"libelle item_header\">Mati\u00e8re<\/td>\n<td class=\"champs item1 field_2345 \">Inox<\/td>\n<\/tr>\n<tr class=\"row_2077\">\n<td class=\"libelle item_header\">Description<\/td>\n<td class=\"champs item1 field_2077 \"><\/td>\n<\/tr>\n<tr class=\"\">\n<td class=\"libelle item_header\" colspan=\"2\"><\/td>\n<\/tr>\n<tr class=\"row_1243\">\n<td class=\"libelle item_header\">Libelle Plaque<\/td>\n<td class=\"champs item1 field_1243 \">MG60SJ401MN2B<\/td>\n<\/tr>\n<tr class=\"row_799\">\n<td class=\"libelle item_header\">Cuisson Source<\/td>\n<td class=\"champs item1 field_1251 \">Gaz<\/td>\n<\/tr>\n<tr class=\"row_1244\">\n<td class=\"libelle item_header\">Nombre Foyer<\/td>\n<td class=\"champs item1 field_1244 \"><a href=\"https:\/\/webstar-electro.com\/tables-de-cuisson\/?page=prix-tables-de-cuisson-plaque-nb-foyer-4-feux-algerie&amp;dep1=937&amp;val1=57122&amp;position=20&amp;id_famille=22044\">4 Feux<\/a><\/td>\n<\/tr>\n<tr class=\"row_1175\">\n<td class=\"libelle item_header\">Revetement<\/td>\n<td class=\"champs item1 field_2346 \"><a href=\"https:\/\/webstar-electro.com\/tables-de-cuisson\/?page=prix-tables-de-cuisson-revetement-acier-inoxydable-algerie&amp;dep1=1175&amp;val1=19516807&amp;position=20&amp;id_famille=22044\">Acier inoxydable<\/a><\/td>\n<\/tr>\n<tr class=\"row_1176\">\n<td class=\"libelle item_header\">Type Grille<\/td>\n<td class=\"champs item1 field_2347 \"><a href=\"https:\/\/webstar-electro.com\/tables-de-cuisson\/?page=prix-tables-de-cuisson-type-grille-fonte-algerie&amp;dep1=1176&amp;val1=19516920&amp;position=20&amp;id_famille=22044\">Fonte<\/a><\/td>\n<\/tr>\n<tr class=\"row_1246\">\n<td class=\"libelle item_header\">Syst\u00e8me Allumage<\/td>\n<td class=\"champs item1 field_1246 \">Allumage int\u00e9gr\u00e9 aux manettes<\/td>\n<\/tr>\n<tr class=\"row_2348\">\n<td class=\"libelle item_header\">S\u00e9curit\u00e9 Plaque<\/td>\n<td class=\"champs item1 field_2348 \"><\/td>\n<\/tr>\n<tr class=\"row_800\">\n<td class=\"libelle item_header\">Type Pose<\/td>\n<td class=\"champs item1 field_1236 \">Encastrable<\/td>\n<\/tr>\n<tr class=\"row_1273\">\n<td class=\"libelle item_header\">Classe Energ\u00e9tique<\/td>\n<td class=\"champs item1 field_1273 \"><\/td>\n<\/tr>\n<tr class=\"\">\n<td class=\"libelle item_header\" colspan=\"2\"><\/td>\n<\/tr>\n<tr class=\"row_1261\">\n<td class=\"libelle item_header\">Largeur<\/td>\n<td class=\"champs item1 field_1261 \"><a href=\"https:\/\/webstar-electro.com\/tables-de-cuisson\/?page=prix-tables-de-cuisson-largeur-60-cm-algerie&amp;dep1=1043&amp;val1=137804&amp;position=20&amp;id_famille=22044\">60 Cm<\/a><\/td>\n<\/tr>\n<\/tbody>\n<\/table>\n","protected":false},"excerpt":{"rendered":"<p>Marque Tables de Cuisson Midea Tables de Cuisson Midea MG60SJ401MN2B Reference MG60SJ401MN2B Type Gaz Couleur Argent Mati\u00e8re Inox Description Libelle Plaque MG60SJ401MN2B Cuisson Source Gaz Nombre Foyer 4 Feux Revetement Acier inoxydable Type Grille Fonte Syst\u00e8me Allumage Allumage int\u00e9gr\u00e9 aux manettes S\u00e9curit\u00e9 Plaque Type Pose Encastrable Classe Energ\u00e9tique Largeur 60 Cm<\/p>\n","protected":false},"featured_media":3015,"comment_status":"open","ping_status":"closed","template":"","meta":[],"product_brand":[],"product_cat":[93],"product_tag":[],"class_list":{"0":"post-3013","1":"product","2":"type-product","3":"status-publish","4":"has-post-thumbnail","6":"product_cat-plaque-chauaffante","8":"first","9":"instock","10":"shipping-taxable","11":"purchasable","12":"product-type-simple"},"_links":{"self":[{"href":"https:\/\/bahia-appliance.com\/index.php?rest_route=\/wp\/v2\/product\/3013","targetHints":{"allow":["GET"]}}],"collection":[{"href":"https:\/\/bahia-appliance.com\/index.php?rest_route=\/wp\/v2\/product"}],"about":[{"href":"https:\/\/bahia-appliance.com\/index.php?rest_route=\/wp\/v2\/types\/product"}],"replies":[{"embeddable":true,"href":"https:\/\/bahia-appliance.com\/index.php?rest_route=%2Fwp%2Fv2%2Fcomments&post=3013"}],"wp:featuredmedia":[{"embeddable":true,"href":"https:\/\/bahia-appliance.com\/index.php?rest_route=\/wp\/v2\/media\/3015"}],"wp:attachment":[{"href":"https:\/\/bahia-appliance.com\/index.php?rest_route=%2Fwp%2Fv2%2Fmedia&parent=3013"}],"wp:term":[{"taxonomy":"product_brand","embeddable":true,"href":"https:\/\/bahia-appliance.com\/index.php?rest_route=%2Fwp%2Fv2%2Fproduct_brand&post=3013"},{"taxonomy":"product_cat","embeddable":true,"href":"https:\/\/bahia-appliance.com\/index.php?rest_route=%2Fwp%2Fv2%2Fproduct_cat&post=3013"},{"taxonomy":"product_tag","embeddable":true,"href":"https:\/\/bahia-appliance.com\/index.php?rest_route=%2Fwp%2Fv2%2Fproduct_tag&post=3013"}],"curies":[{"name":"wp","href":"https:\/\/api.w.org\/{rel}","templated":true}]}}