{"id":3029,"date":"2026-04-09T11:48:00","date_gmt":"2026-04-09T11:48:00","guid":{"rendered":"https:\/\/bahia-appliance.com\/?post_type=product&#038;p=3029"},"modified":"2026-04-09T11:48:00","modified_gmt":"2026-04-09T11:48:00","slug":"hotte-classique-amb-60f51b","status":"publish","type":"product","link":"https:\/\/bahia-appliance.com\/?product=hotte-classique-amb-60f51b","title":{"rendered":"Hotte classique AMB-60F51B"},"content":{"rendered":"<table dir=\"ltr\" style=\"height: 322px;\" width=\"967\">\n<tbody>\n<tr>\n<td width=\"150\"><strong>Dimensions (mm)<\/strong><\/td>\n<td>\uf0b7\u00a0 600 \u00d7 500 \u00d7 150<\/td>\n<\/tr>\n<tr>\n<td width=\"150\"><strong>D\u00e9bit d\u2019air<\/strong><\/td>\n<td>180 m\u00b3\/h<\/td>\n<\/tr>\n<tr>\n<td width=\"150\"><strong>Nombre de vitesses<\/strong><\/td>\n<td>3<\/td>\n<\/tr>\n<tr>\n<td width=\"150\"><strong>Puissance du moteur<\/strong><\/td>\n<td>125 W<\/td>\n<\/tr>\n<tr>\n<td width=\"150\"><strong>Nombre de filtres \u00e0 charbon<\/strong><\/td>\n<td>1<\/td>\n<\/tr>\n<tr>\n<td width=\"150\"><strong>Quantit\u00e9 de filtres<\/strong><\/td>\n<td>2 filtres \u00e0 5 couches<\/td>\n<\/tr>\n<tr>\n<td width=\"150\"><strong>Type d\u2019\u00e9clairage<\/strong><\/td>\n<td>Lampe LED<\/td>\n<\/tr>\n<tr>\n<td width=\"150\"><strong>Diam\u00e8tre de la sortie d\u2019air (mm)<\/strong><\/td>\n<td>120<\/td>\n<\/tr>\n<\/tbody>\n<\/table>\n","protected":false},"excerpt":{"rendered":"<p>Dimensions (mm) \uf0b7\u00a0 600 \u00d7 500 \u00d7 150 D\u00e9bit d\u2019air 180 m\u00b3\/h Nombre de vitesses 3 Puissance du moteur 125 W Nombre de filtres \u00e0 charbon 1 Quantit\u00e9 de filtres 2 filtres \u00e0 5 couches Type d\u2019\u00e9clairage Lampe LED Diam\u00e8tre de la sortie d\u2019air (mm) 120<\/p>\n","protected":false},"featured_media":3030,"comment_status":"open","ping_status":"closed","template":"","meta":[],"product_brand":[],"product_cat":[94],"product_tag":[],"class_list":{"0":"post-3029","1":"product","2":"type-product","3":"status-publish","4":"has-post-thumbnail","6":"product_cat-hottes","8":"first","9":"instock","10":"shipping-taxable","11":"purchasable","12":"product-type-simple"},"_links":{"self":[{"href":"https:\/\/bahia-appliance.com\/index.php?rest_route=\/wp\/v2\/product\/3029","targetHints":{"allow":["GET"]}}],"collection":[{"href":"https:\/\/bahia-appliance.com\/index.php?rest_route=\/wp\/v2\/product"}],"about":[{"href":"https:\/\/bahia-appliance.com\/index.php?rest_route=\/wp\/v2\/types\/product"}],"replies":[{"embeddable":true,"href":"https:\/\/bahia-appliance.com\/index.php?rest_route=%2Fwp%2Fv2%2Fcomments&post=3029"}],"wp:featuredmedia":[{"embeddable":true,"href":"https:\/\/bahia-appliance.com\/index.php?rest_route=\/wp\/v2\/media\/3030"}],"wp:attachment":[{"href":"https:\/\/bahia-appliance.com\/index.php?rest_route=%2Fwp%2Fv2%2Fmedia&parent=3029"}],"wp:term":[{"taxonomy":"product_brand","embeddable":true,"href":"https:\/\/bahia-appliance.com\/index.php?rest_route=%2Fwp%2Fv2%2Fproduct_brand&post=3029"},{"taxonomy":"product_cat","embeddable":true,"href":"https:\/\/bahia-appliance.com\/index.php?rest_route=%2Fwp%2Fv2%2Fproduct_cat&post=3029"},{"taxonomy":"product_tag","embeddable":true,"href":"https:\/\/bahia-appliance.com\/index.php?rest_route=%2Fwp%2Fv2%2Fproduct_tag&post=3029"}],"curies":[{"name":"wp","href":"https:\/\/api.w.org\/{rel}","templated":true}]}}