{"id":3041,"date":"2026-04-09T12:21:36","date_gmt":"2026-04-09T12:21:36","guid":{"rendered":"https:\/\/bahia-appliance.com\/?post_type=product&#038;p=3041"},"modified":"2026-04-09T12:21:36","modified_gmt":"2026-04-09T12:21:36","slug":"arcodym-expresso-cm6823","status":"publish","type":"product","link":"https:\/\/bahia-appliance.com\/?product=arcodym-expresso-cm6823","title":{"rendered":"ARCODYM Expresso \u2013 Cm6823"},"content":{"rendered":"<table class=\"table table_1635 table-bordered fiche-technique \" dir=\"ltr\" style=\"height: 1057px;\" width=\"971\">\n<tbody>\n<tr class=\"row_1236\">\n<td class=\"libelle item_header col-3\">Marque<\/td>\n<td class=\"champs item1 field_29 \"><a href=\"https:\/\/webstar-electro.com\/machine-a-cafe\/?page=prix-machine-a-cafe-arcodym-algerie&amp;id_marque=22849&amp;position=3&amp;id_famille=20558678\">Machine \u00e0 caf\u00e9 ARCODYM<\/a><\/td>\n<\/tr>\n<tr class=\"row_2404\">\n<td class=\"libelle item_header\">Machine \u00e0 caf\u00e9<\/td>\n<td class=\"champs item1 field_2404 \"><a href=\"https:\/\/webstar-electro.com\/machine-a-cafe\/?produit=achat-vente-machine-a-cafe-arcodym-arcodym-expresso-cm6823-algerie&amp;item=20951386&amp;id_famille=20558678&amp;id_fiche=0\">ARCODYM ARCODYM Expresso \u2013 Cm6823<\/a><\/td>\n<\/tr>\n<tr class=\"row_2405\">\n<td class=\"libelle item_header\">R\u00e9f\u00e9rence<\/td>\n<td class=\"champs item1 field_2405 \">CM6823<\/td>\n<\/tr>\n<tr class=\"row_1247\">\n<td class=\"libelle item_header\">Type pose<\/td>\n<td class=\"champs item1 field_1236 \"><a href=\"https:\/\/webstar-electro.com\/machine-a-cafe\/?page=prix-machine-a-cafe-type-pose-pose-libre-algerie&amp;dep1=1247&amp;val1=21923&amp;position=20&amp;id_famille=20558678\">Pose Libre<\/a><\/td>\n<\/tr>\n<tr class=\"row_2407\">\n<td class=\"libelle item_header\">Couleur<\/td>\n<td class=\"champs item1 field_2407 \">Noir<\/td>\n<\/tr>\n<tr class=\"row_2408\">\n<td class=\"libelle item_header\">Mati\u00e8re<\/td>\n<td class=\"champs item1 field_2408 \">inox<\/td>\n<\/tr>\n<tr class=\"row_2434\">\n<td class=\"libelle item_header\">Description<\/td>\n<td class=\"champs item1 field_2434 \">La cafeti\u00e8re expresso Arcodym CM6823, d\u2019une puissance de 800 W et 15 bars, pr\u00e9pare jusqu\u2019\u00e0 2 tasses de caf\u00e9. Son design noir \u00e9l\u00e9gant, combin\u00e9 \u00e0 une pression optimale, garantit un expresso riche et savoureux en un rien de temps. Id\u00e9ale pour les amateurs de caf\u00e9 \u00e0 la maison.<\/td>\n<\/tr>\n<tr class=\"row_276\">\n<td class=\"libelle item_header\" colspan=\"2\"><\/td>\n<\/tr>\n<tr class=\"row_1237\">\n<td class=\"libelle item_header\">Type<\/td>\n<td class=\"champs item1 field_2435 \"><a href=\"https:\/\/webstar-electro.com\/machine-a-cafe\/?page=prix-machine-a-cafe-type-expresso-manuel-algerie&amp;dep1=1237&amp;val1=20557700&amp;position=20&amp;id_famille=20558678\">Expresso manuel<\/a><\/td>\n<\/tr>\n<tr class=\"row_2409\">\n<td class=\"libelle item_header\">Type de boissons<\/td>\n<td class=\"champs item1 field_2409 \">Macchiato au caramel, Expresso Con Panna, Moka, Barre transversale, Cappuccino, Caf\u00e9 flottant \u00e0 la c<\/td>\n<\/tr>\n<tr class=\"row_2410\">\n<td class=\"libelle item_header\">Type de caf\u00e9<\/td>\n<td class=\"champs item1 field_2410 \"><\/td>\n<\/tr>\n<tr class=\"row_2416\">\n<td class=\"libelle item_header\">Compatibilit\u00e9 des capsules<\/td>\n<td class=\"champs item1 field_2416 \">non<\/td>\n<\/tr>\n<tr class=\"row_2411\">\n<td class=\"libelle item_header\">Nombre de tasses<\/td>\n<td class=\"champs item1 field_2411 \"><a href=\"https:\/\/webstar-electro.com\/machine-a-cafe\/?page=prix-machine-a-cafe-nombre-de-tasses-2-tasses-algerie&amp;dep1=1238&amp;val1=57120&amp;position=20&amp;id_famille=20558678\">2 tasses<\/a><\/td>\n<\/tr>\n<tr class=\"row_2412\">\n<td class=\"libelle item_header\">Capacit\u00e9 du r\u00e9servoir<\/td>\n<td class=\"champs item1 field_2412 \"><a href=\"https:\/\/webstar-electro.com\/machine-a-cafe\/?page=prix-machine-a-cafe-capacite-0-1-litres-algerie&amp;dep1=1239&amp;val1=20000289&amp;position=20&amp;id_famille=20558678\">0.12 Litres<\/a><\/td>\n<\/tr>\n<tr class=\"row_1240\">\n<td class=\"libelle item_header\">R\u00e9servoir amovible<\/td>\n<td class=\"champs item1 field_19 \"><a href=\"https:\/\/webstar-electro.com\/machine-a-cafe\/?page=prix-machine-a-cafe-avec-reservoir-amovible-algerie&amp;dep1=1240&amp;val1=18&amp;position=20&amp;id_famille=20558678\"><span class=\"okaz_18\">18<\/span>Oui<\/a><\/td>\n<\/tr>\n<tr class=\"row_2413\">\n<td class=\"libelle item_header\">Puissance<\/td>\n<td class=\"champs item1 field_2413 \"><a href=\"https:\/\/webstar-electro.com\/machine-a-cafe\/?page=prix-machine-a-cafe-puissance-800-watts-algerie&amp;dep1=1241&amp;val1=4146&amp;position=20&amp;id_famille=20558678\">800 Watts<\/a><\/td>\n<\/tr>\n<tr class=\"row_2414\">\n<td class=\"libelle item_header\">Pression de la pompe<\/td>\n<td class=\"champs item1 field_2414 \">15<\/td>\n<\/tr>\n<tr class=\"row_2415\">\n<td class=\"libelle item_header\">Capacit\u00e9 du r\u00e9servoir \u00e0 grains<\/td>\n<td class=\"champs item1 field_2415 \"><\/td>\n<\/tr>\n<tr class=\"row_2417\">\n<td class=\"libelle item_header\">Capacit\u00e9 du bac pour capsules usag\u00e9es<\/td>\n<td class=\"champs item1 field_2417 \"><\/td>\n<\/tr>\n<tr class=\"row_276\">\n<td class=\"libelle item_header\" colspan=\"2\"><\/td>\n<\/tr>\n<tr class=\"row_2419\">\n<td class=\"libelle item_header\">Fonctions<\/td>\n<td class=\"champs item1 field_2419 \"><a href=\"https:\/\/webstar-electro.com\/machine-a-cafe\/?page=prix-machine-a-cafe-nb-fonctions-2-fonctions-algerie&amp;dep1=1242&amp;val1=57120&amp;position=20&amp;id_famille=20558678\">2 Fonctions Plateau anti gouttes, nettoyage facile<\/a><\/td>\n<\/tr>\n<tr class=\"row_1243\">\n<td class=\"libelle item_header\">Temp\u00e9rature R\u00e9glable<\/td>\n<td class=\"champs item1 field_19 \"><a href=\"https:\/\/webstar-electro.com\/machine-a-cafe\/?page=prix-machine-a-cafe-avec-temperature-reglable-algerie&amp;dep1=1243&amp;val1=18&amp;position=20&amp;id_famille=20558678\"><span class=\"okaz_18\">18<\/span>Oui<\/a><\/td>\n<\/tr>\n<tr class=\"row_2421\">\n<td class=\"libelle item_header\">Buse vapeur<\/td>\n<td class=\"champs item1 field_2421 \"><a href=\"https:\/\/webstar-electro.com\/machine-a-cafe\/?page=prix-machine-a-cafe-avec-buse-vapeur-algerie&amp;dep1=1244&amp;val1=18&amp;position=20&amp;id_famille=20558678\"><span class=\"okaz_18\">18<\/span>Oui<\/a><\/td>\n<\/tr>\n<tr class=\"row_276\">\n<td class=\"libelle item_header\" colspan=\"2\"><\/td>\n<\/tr>\n<tr class=\"row_2422\">\n<td class=\"libelle item_header\">Type de commandes<\/td>\n<td class=\"champs item1 field_2422 \">Buttons<\/td>\n<\/tr>\n<tr class=\"row_2423\">\n<td class=\"libelle item_header\">\u00c9cran<\/td>\n<td class=\"champs item1 field_2423 \"><a href=\"https:\/\/webstar-electro.com\/machine-a-cafe\/?page=prix-machine-a-cafe-sans-ecran-algerie&amp;dep1=1245&amp;val1=19&amp;position=20&amp;id_famille=20558678\"><span class=\"okaz_19\">19<\/span>Non<\/a><\/td>\n<\/tr>\n<tr class=\"row_1246\">\n<td class=\"libelle item_header\">Ecran tactile<\/td>\n<td class=\"champs item1 field_19 \">Non<\/td>\n<\/tr>\n<tr class=\"row_276\">\n<td class=\"libelle item_header\" colspan=\"2\"><\/td>\n<\/tr>\n<tr class=\"row_2424\">\n<td class=\"libelle item_header\">Largeur<\/td>\n<td class=\"champs item1 field_2424 \">13 Cm<\/td>\n<\/tr>\n<tr class=\"row_2425\">\n<td class=\"libelle item_header\">Hauteur<\/td>\n<td class=\"champs item1 field_2425 \">12.9 Cm<\/td>\n<\/tr>\n<tr class=\"row_2426\">\n<td class=\"libelle item_header\">Profondeur<\/td>\n<td class=\"champs item1 field_2426 \">12.9 Cm<\/td>\n<\/tr>\n<tr class=\"row_2427\">\n<td class=\"libelle item_header\">Poids<\/td>\n<td class=\"champs item1 field_2427 \">5 Kg<\/td>\n<\/tr>\n<\/tbody>\n<\/table>\n","protected":false},"excerpt":{"rendered":"<p>Marque Machine \u00e0 caf\u00e9 ARCODYM Machine \u00e0 caf\u00e9 ARCODYM ARCODYM Expresso \u2013 Cm6823 R\u00e9f\u00e9rence CM6823 Type pose Pose Libre Couleur Noir Mati\u00e8re inox Description La cafeti\u00e8re expresso Arcodym CM6823, d\u2019une puissance de 800 W et 15 bars, pr\u00e9pare jusqu\u2019\u00e0 2 tasses de caf\u00e9. Son design noir \u00e9l\u00e9gant, combin\u00e9 \u00e0 une pression optimale, garantit un expresso [&hellip;]<\/p>\n","protected":false},"featured_media":3042,"comment_status":"open","ping_status":"closed","template":"","meta":[],"product_brand":[],"product_cat":[85],"product_tag":[],"class_list":{"0":"post-3041","1":"product","2":"type-product","3":"status-publish","4":"has-post-thumbnail","6":"product_cat-machine-a-cafe","8":"first","9":"instock","10":"shipping-taxable","11":"purchasable","12":"product-type-simple"},"_links":{"self":[{"href":"https:\/\/bahia-appliance.com\/index.php?rest_route=\/wp\/v2\/product\/3041","targetHints":{"allow":["GET"]}}],"collection":[{"href":"https:\/\/bahia-appliance.com\/index.php?rest_route=\/wp\/v2\/product"}],"about":[{"href":"https:\/\/bahia-appliance.com\/index.php?rest_route=\/wp\/v2\/types\/product"}],"replies":[{"embeddable":true,"href":"https:\/\/bahia-appliance.com\/index.php?rest_route=%2Fwp%2Fv2%2Fcomments&post=3041"}],"wp:featuredmedia":[{"embeddable":true,"href":"https:\/\/bahia-appliance.com\/index.php?rest_route=\/wp\/v2\/media\/3042"}],"wp:attachment":[{"href":"https:\/\/bahia-appliance.com\/index.php?rest_route=%2Fwp%2Fv2%2Fmedia&parent=3041"}],"wp:term":[{"taxonomy":"product_brand","embeddable":true,"href":"https:\/\/bahia-appliance.com\/index.php?rest_route=%2Fwp%2Fv2%2Fproduct_brand&post=3041"},{"taxonomy":"product_cat","embeddable":true,"href":"https:\/\/bahia-appliance.com\/index.php?rest_route=%2Fwp%2Fv2%2Fproduct_cat&post=3041"},{"taxonomy":"product_tag","embeddable":true,"href":"https:\/\/bahia-appliance.com\/index.php?rest_route=%2Fwp%2Fv2%2Fproduct_tag&post=3041"}],"curies":[{"name":"wp","href":"https:\/\/api.w.org\/{rel}","templated":true}]}}